 + 5*t + 39 = 0, 4*b + 69 = -t - 0*t. Let a be -1 + 1*b + -2. Let r = a + 46. What are the prime factors of r?
5
Let l = -199 + 605. What are the prime factors of l?
2, 7, 29
Let t(g) = g**3 - 3*g**3 + 3 + g**2 + 4*g + 3*g**3 - 2*g. Let d be t(-2). Let i = 37 - d. List the prime factors of i.
2, 3, 7
Let r = 16 + -16. Suppose r = -g - 8 + 1. Let v = 12 + g. List the prime factors of v.
5
What are the prime factors of (-44 - 0)/(41/(-369))?
2, 3, 11
Let i(o) = o**2 + 5*o. Let z be i(-8). Suppose 3*u = -x + 21, 0*x - 4*u = -3*x + z. Let a = 0 + x. List the prime factors of a.
2, 3
Let k be (-4)/(-6)*(-5 - 13). Let l be (3/(-4))/(1/k). Let m(p) = -p**3 + 8*p**2 + 12*p - 5. List the prime factors of m(l).
2, 11
Let u be 5 - 2 - (-251 - 3). Suppose -5*l = 5*q - 515, 2*l + 3*q = -48 + u. Suppose -l = -3*j - 28. What are the prime factors of j?
2, 3
Suppose -76*g + 33601 = -23247. List the prime factors of g.
2, 11, 17
Let k(x) = -2*x**3 - 3*x**2 + x + 2. Let l be k(-2). Let p = 4 - l. Suppose v = -p*v + 8. What are the prime factors of v?
2
Suppose 5*j = 3547 + 423. What are the prime factors of j?
2, 397
Suppose -6*t - t = 42. List the prime factors of (576/30)/(t/(-20)).
2
Let u(y) be the third derivative of -y**6/120 - y**5/60 + 7*y**3/2 - 31*y**2. List the prime factors of u(0).
3, 7
Let d(j) be the first derivative of j**3/3 + 7*j**2 + 45*j - 5. List the prime factors of d(-19).
2, 5, 7
Let n(m) = m**3 + 7*m**2 + 4*m + 2. Let f be n(-6). List the prime factors of (-2 - -1) + 7/(f/160).
79
Suppose -10 = 5*q - 3*q. Let o(v) = -v**2 - 8*v + 8. What are the prime factors of o(q)?
23
Let u(i) be the first derivative of -i**2 + 25*i + 19. List the prime factors of u(-11).
47
Suppose -1035*g = -1046*g + 24046. List the prime factors of g.
2, 1093
Suppose -9 = -3*s - i, 4*s - 2*i - 6 = 2*s. Suppose s*l + 2*c - 166 = 0, 3*l - 107 = l - 5*c. What are the prime factors of l?
2, 7
Let s(p) = -5 + 0*p**2 + 14 - 6*p - p**2. Let t be s(-6). Let h(q) = 3*q - 3. List the prime factors of h(t).
2, 3
Suppose 7 = 5*b - 978. List the prime factors of (1*(0 + b))/1.
197
Let a(y) be the second derivative of -y**5/20 + 2*y**4/3 + y**3/2 - 9*y**2/2 + 5*y. Let r be a(8). List the prime factors of (-144)/(-30) + 3/r.
5
Let w(d) = 16 + 8 + 16*d - 8 + 14*d**2 - d**3. List the prime factors of w(15).
31
Suppose 1804 = j + 5*d, 108*d + 3623 = 2*j + 113*d. What are the prime factors of j?
17, 107
Let t = 128 - 130. Let m(b) = 12*b**2 - 3*b - 5. What are the prime factors of m(t)?
7
Let f = -9285 - -13072. What are the prime factors of f?
7, 541
Suppose -k - 62*k = -326088. List the prime factors of k.
2, 647
List the prime factors of -15*(-28 + -1) - (2 - 6).
439
Suppose 380 = -f - 3*v + 1764, -4*f = 4*v - 5528. List the prime factors of f.
1381
Let k = -1036 - -3030. What are the prime factors of k?
2, 997
Let d = 611 + -415. What are the prime factors of d?
2, 7
Suppose l - 3 = 2*l, -5*l + 553 = 2*s. Suppose -5*t = r - 482, r + r = 3*t - s. List the prime factors of t.
2, 3
Let c(j) = -j**3 - 1 - j**2 - j - 2*j**3 + 0*j + 3*j**2. List the prime factors of c(-2).
3, 11
Let z = 9970 - 6497. List the prime factors of z.
23, 151
Suppose 0 = -8*u - 161 - 831. Let c = 263 + u. What are the prime factors of c?
139
Suppose 0 = 7*z + 38 + 32. What are the prime factors of (6/z - 633/45)*-3?
2, 11
Suppose 5*r = -5*r + 8920. What are the prime factors of r?
2, 223
Let j(f) = 69*f**3 - 2*f**2 - 7*f + 5. What are the prime factors of j(2)?
5, 107
Suppose 75073 + 23344 = 23*k. List the prime factors of k.
11, 389
Suppose 5*w - 860 + 346 = -2*s, s + 508 = 5*w. List the prime factors of w.
2, 3, 17
Let d(j) = 2*j - 10. Suppose 7*p - 10*p = -15. Let k be d(p). List the prime factors of (-4 - -57) + k + -2.
3, 17
Let g(o) be the first derivative of -3*o**2 - 15*o + 24. What are the prime factors of g(-3)?
3
Suppose 4*j - 3*j + 20 = 0. Suppose -2*k = -101 + 11. Let c = j + k. What are the prime factors of c?
5
Suppose -5*j - y + 7141 = 0, -2*j + 4*y + 1472 + 1380 = 0. What are the prime factors of j?
2, 3, 7, 17
Suppose -2*z - 110 = -3*i, 5*i - z + 103 = 291. Suppose -2*p + 0*h - 4*h + i = 0, 5*p - 2*h = 35. Suppose 4*b - p*b = -25. List the prime factors of b.
5
Let d(y) = 4*y + 1. Let n be d(2). Let x be -2 - 0*(-3)/n. List the prime factors of 14 - -18 - (x - 0).
2, 17
Let b be ((-8)/24)/(3/(-981)). Suppose 0 = -13*s + 918 + b. What are the prime factors of s?
79
Let r be (-7)/7 - (-1 - -6). Let k be (417/9)/((-2)/r). Suppose -5*c + 221 = -j, -j = c + 2*c - k. What are the prime factors of c?
3, 5
Let i(p) = p + 11. Let u be i(-9). Suppose 2*y = -u*y + 12. What are the prime factors of y?
3
Let u(d) = 4030*d**2 - 22*d + 20. What are the prime factors of u(1)?
2, 19, 53
Let m = 70 - 71. List the prime factors of -30*(m - -3 - (-26)/(-10)).
2, 3
Suppose 2*c = -2*b + 1764, 0*b - 858 = -c + 5*b. List the prime factors of c.
2, 439
Suppose 9*y - 5*a - 643 = 8*y, 0 = 3*y + a - 1865. List the prime factors of y.
7, 89
List the prime factors of (25/(-75))/(2/(-9054)).
3, 503
Let b be -36 - 1/(4/8). Let a = b + 100. Let g = a + -32. List the prime factors of g.
2, 3, 5
Let v(w) = -50*w**2 + 1. Let o be v(1). Let k = -28 - o. Let b = -2 + k. What are the prime factors of b?
19
Let a(x) = -x**2 + 5*x - 3. Let o be a(3). Suppose -5*b = -o*b - 104. What are the prime factors of b?
2, 13
Let p(o) = -65*o - 461. What are the prime factors of p(-41)?
2, 19, 29
Suppose u + 0 + 22 = 0. List the prime factors of (-4)/u + 3978/22.
181
Let o = 31 - 120. Let p be o/(-2) + (-7)/(-14). Suppose -5*m - 5*c = -0*m - p, -5*c + 15 = 2*m. What are the prime factors of m?
2, 5
Suppose 3*z = -i + 11, -5*z - 4 + 9 = -5*i. Suppose z*c + 30 = -63. Let b = 79 + c. List the prime factors of b.
2, 3
Let s = 42 + -31. Let t(q) be the first derivative of -q**3/3 + 15*q**2/2 + 15*q + 8. What are the prime factors of t(s)?
59
Let l(k) = k + 1. Let z = -28 + 30. Let d be l(z). Suppose 7*o - 83 = -4*a + 2*o, -d*a + o = -86. List the prime factors of a.
3
Suppose 17 = -3*n - 1. Let g(t) = -t**3 + t**2 + t - 12. Let y be g(0). Let l = n - y. List the prime factors of l.
2, 3
Let y = 770 + 1509. List the prime factors of y.
43, 53
Let i(l) = -3*l**3 + 2*l**2 - l - 2. Let v be i(-1). Suppose o = -b - 24 + 126, -v*b = -o - 418. What are the prime factors of b?
2, 13
Suppose 0 = 4*g + 4*y - 268, -y + 197 = 4*g - 62. Let t = -33 + g. List the prime factors of t.
31
Let g(d) = -6*d - 49*d + 16*d - 1 - 2. What are the prime factors of g(-2)?
3, 5
Let d = -224 - -76. Let j = -217 - d. Let l = j - -97. List the prime factors of l.
2, 7
Suppose -12*u = 20*u - 17152. List the prime factors of u.
2, 67
List the prime factors of (44/(-10))/(14/((-67620)/21)).
2, 11, 23
Suppose -10*q = -12*q - 20. What are the prime factors of (-40)/100 + 2/q*-1177?
5, 47
Let m be 2 + 1/(5 - 4). Let u(z) be the third derivative of 5*z**4/8 + 5*z**3/6 + z**2. List the prime factors of u(m).
2, 5
Let x be (-6)/(-2)*(-2)/(-6). What are the prime factors of -4 + 54 + -3 + x?
2, 3
Let z = 43 + -33. Suppose 0 = z*k - 1064 + 174. What are the prime factors of k?
89
What are the prime factors of (-14)/21*186/(-5)*5?
2, 31
Suppose o + 11 - 16 = 0. Suppose o*y + 2*i - 75 = i, 0 = 5*i - 25. What are the prime factors of y?
2, 7
Suppose c + c = 10, 0 = 4*b - 4*c + 72. Let j = b + 50. What are the prime factors of j?
37
Let h = -1332 - -2765. What are the prime factors of h?
1433
Let a be 5/10*4 + -6. Let j(q) = -2*q - 9. Let y be j(a). What are the prime factors of ((-57)/(-2)*-2)/y?
3, 19
Let n be 13/(-3) + 2/(-3). Let k(h) be the first derivative of -6*h**2 + 14*h + 134. List the prime factors of k(n).
2, 37
Suppose 0*w + 3*w = -3*y + 309, -3*y - 5*w + 305 = 0. Let l be (-2)/(-15) + 4081/y. Suppose 5*a - l = 2*a. List the prime factors of a.
13
Let y = 144 + 90. Suppose -4*o - y = -o. Let k = o + 112. What are the prime factors of k?
2, 17
Let l = -70 - -70. List the prime factors of ((-60)/(-12))/((-2)/(-20) - l).
2, 5
Let r(d) = 46*d**2 - 2*d + 1. Suppose 0 = -3*k + 5*k - 2. Let x be r(k). Suppose 85 + x = 5*b. What are the prime factors of b?
2, 13
Suppose -6*o = -2*f - o + 462, 1124 = 5*f + 3*o. Suppose -166 = -3*b - z - z, 4*b + 5*z = f. List the prime factors of b